7?
3529
What is the remainder when 1160003 is divided by 8923?
13
Calculate the remainder when 80426 is divided by 6114.
944
Calculate the remainder when 327779 is divided by 6287.
855
What is the remainder when 659717 is divided by 25?
17
Calculate the remainder when 267841874 is divided by 48.
2
What is the remainder when 73961644 is divided by 36980817?
10
What is the remainder when 31698589 is divided by 10566192?
13
Calculate the remainder when 132291 is divided by 8021.
3955
What is the remainder when 337272 is divided by 4589?
2275
What is the remainder when 1377200 is divided by 229500?
200
What is the remainder when 10521169 is divided by 2?
1
Calculate the remainder when 33315 is divided by 10841.
792
Calculate the remainder when 781025 is divided by 1036.
917
Calculate the remainder when 1952522 is divided by 264.
242
What is the remainder when 123949 is divided by 6231?
5560
What is the remainder when 39899252 is divided by 5?
2
What is the remainder when 1760844 is divided by 3096?
2316
What is the remainder when 33960 is divided by 556?
44
Calculate the remainder when 1545099 is divided by 53279.
8
Calculate the remainder when 15077 is divided by 14895.
182
Calculate the remainder when 30044 is divided by 8758.
3770
Calculate the remainder when 3765674 is divided by 185.
184
Calculate the remainder when 126053 is divided by 54.
17
Calculate the remainder when 4120409 is divided by 274.
271
Calculate the remainder when 219072703 is divided by 219072689.
14
What is the remainder when 23654 is divided by 7611?
821
Calculate the remainder when 4434232 is divided by 972.
940
Calculate the remainder when 1641337 is divided by 1102.
459
What is the remainder when 1863820 is divided by 3619?
35
Calculate the remainder when 18231744 is divided by 748.
740
What is the remainder when 30287247 is divided by 150?
147
Calculate the remainder when 4785877 is divided by 187.
173
What is the remainder when 318563 is divided by 79540?
403
What is the remainder when 162935 is divided by 38630?
8415
What is the remainder when 3787819 is divided by 94?
89
Calculate the remainder when 2748196 is divided by 815.
16
Calculate the remainder when 2112028 is divided by 111157.
45
What is the remainder when 3794909 is divided by 255?
254
What is the remainder when 6358399 is divided by 6757?
62
What is the remainder when 1335847 is divided by 10927?
2753
Calculate the remainder when 369148 is divided by 128.
124
Calculate the remainder when 22910644 is divided by 2932.
2928
Calculate the remainder when 379892 is divided by 11511.
29
What is the remainder when 644002 is divided by 615?
97
What is the remainder when 7374886 is divided by 3686877?
1132
What is the remainder when 20374628 is divided by 10187310?
8
Calculate the remainder when 805708 is divided by 2275.
358
What is the remainder when 61576 is divided by 12291?
121
Calculate the remainder when 1406022023 is divided by 25.
23
Calculate the remainder when 978736 is divided by 65.
31
What is the remainder when 1005000 is divided by 26?
22
Calculate the remainder when 148717 is divided by 14.
9
What is the remainder when 8343970 is divided by 28?
26
What is the remainder when 3761536 is divided by 2351?
2287
Calculate the remainder when 90495094 is divided by 240040.
14
What is the remainder when 108028924 is divided by 19?
16
Calculate the remainder when 69810049 is divided by 352.
1
What is the remainder when 111675 is divided by 13413?
4371
Calculate the remainder when 38424949 is divided by 38424946.
3
Calculate the remainder when 1597072 is divided by 940.
12
Calculate the remainder when 29046316 is divided by 29046306.
10
Calculate the remainder when 1295744 is divided by 1137.
701
What is the remainder when 157036443 is divided by 2839?
2836
What is the remainder when 142935 is divided by 5787?
4047
What is the remainder when 26863451 is divided by 6715862?
3
What is the remainder when 11941323 is divided by 1817?
1816
Calculate the remainder when 30173 is divided by 2955.
623
What is the remainder when 45473913 is divided by 1563?
1554
Calculate the remainder when 329681 is divided by 6461.
170
What is the remainder when 108224 is divided by 35654?
1262
Calculate the remainder when 8405446 is divided by 108.
22
What is the remainder when 2349160 is divided by 1174450?
260
Calculate the remainder when 30739 is divided by 15333.
73
What is the remainder when 337009 is divided by 168502?
5
Calculate the remainder when 127220 is divided by 1106.
30
Calculate the remainder when 59188545 is divided by 24911.
9
Calculate the remainder when 6860978 is divided by 70.
68
Calculate the remainder when 25183254 is divided by 178.
170
Calculate the remainder when 2791787 is divided by 166.
165
What is the remainder when 35629 is divided by 597?
406
What is the remainder when 46362248 is divided by 236542?
16
Calculate the remainder when 93021 is divided by 129.
12
What is the remainder when 16886362 is divided by 12?
10
Calculate the remainder when 2720619 is divided by 33.
0
Calculate the remainder when 182126 is divided by 478.
8
What is the remainder when 4337818 is divided by 3582?
16
Calculate the remainder when 83393790 is divided by 51.
18
What is the remainder when 12533280 is divided by 4393?
51
What is the remainder when 19165158 is divided by 146?
30
Calculate the remainder when 98503 is divided by 2741.
2568
What is the remainder when 657973 is divided by 93983?
92
Calculate the remainder when 373921638 is divided by 2747.
2745
What is the remainder when 434424 is divided by 26?
16
Calculate the remainder when 341749 is divided by 2848.
2837
Calculate the remainder when 1450926 is divided by 14.
8
Calculate the remainder when 38970 is divided by 38850.
120
Calculate the remainder when 314512 is divided by 142.
124
What is the remainder when 21648577 is divided by 9096?
97
Calculate the remainder when 48005701 is divided by 8810.
11
What is the remainder when 55550 is divided by 2411?
97
Calculate the remainder when 48494851 is divided by 12123694.
75
Calculate the remainder when 3691702 is divided by 1230529.
115
What is the remainder when 400136 is divided by 1844?
1832
What is the remainder when 13982354 is divided by 11527?
103
Calculate the remainder when 761737 is divided by 25.
12
Calculate the remainder when 29701 is divided by 370.
101
Calculate the remainder when 1545305 is divided by 755.
575
What is the remainder when 3352985 is divided by 14644?
14153
Calculate the remainder when 3311757 is divided by 62.
27
Calculate the remainder when 101115 is divided by 273.
105
Calculate the remainder when 384185 is divided by 383973.
212
Calculate the remainder when 1128226 is divided by 240.
226
Calculate the remainder when 7783474 is divided by 2409.
2404
What is the remainder when 17949410 is divided by 135980?
50
What is the remainder when 84663 is divided by 3387?
3375
Calculate the remainder when 57648091 is divided by 411.
409
What is the remainder when 1675115 is divided by 56?
43
Calculate the remainder when 142123 is divided by 28183.
1208
What is the remainder when 25397 is divided by 25276?
121
Calculate the remainder when 2325837 is divided by 775276.
9
Calculate the remainder when 343610 is divided by 114477.
179
What is the remainder when 260781 is divided by 3964?
3121
Calculate the remainder when 33554 is divided by 251.
171
Calculate the remainder when 1152869 is divided by 576424.
21
Calculate the remainder when 7900117 is divided by 4913.
13
What is the remainder when 2088853 is divided by 85?
63
What is the remainder when 1068563 is divided by 569?
550
What is the remainder when 49464497 is divided by 27?
11
What is the remainder when 417885 is divided by 799?
8
Calculate the remainder when 3750120 is divided by 1249805.
705
What is the remainder when 3048398 is divided by 200?
198
What is the remainder when 1034388 is divided by 26497?
1005
What is the remainder when 2731205 is divided by 51?
2
What is the remainder when 55351547 is divided by 50?
47
Calculate the remainder when 19548459 is divided by 554.
15
Calculate the remainder when 47730058 is divided by 128.
10
Calculate the remainder when 55129 is divided by 1375.
129
What is the remainder when 1849179 is div